der when r is divided by f.
0
Suppose -94 = 2*k - 62. Let y = k - -31. Suppose y*l + 41 = 16*l. What is the remainder when l is divided by 14?
13
Let c = -759 + 745. Calculate the remainder when 35 - (c/10 + (-8)/(-20)) is divided by 29.
7
Suppose -4*t = 3*r - 570, -3*t + 396 = -0*t - 3*r. Calculate the remainder when t is divided by 25.
13
Calculate the remainder when 132/(-99)*(-3)/22 + 14045/11 is divided by 70.
17
Let w be -134 + 138 - (0 - 0). Suppose 10*p = 5*b + 8*p - 189, -w*p - 105 = -3*b. What is the remainder when b is divided by 25?
14
Let i be (-66)/((-44)/(-4))*(-28)/(-6). What is the remainder when 825 is divided by (3/(30/i))/((-1)/5)?
13
Let r = 8705 - 8564. Calculate the remainder when r is divided by 36.
33
Let d(z) = -z**2 + 16*z. Suppose 23*l - 18*l - 55 = 0. What is the remainder when 107 is divided by d(l)?
52
Let j be (2 + 1 + -4)*(0 + -2). Suppose -2*u - j = -u. Calculate the remainder when (u/6)/((-4)/(-12))*-165 is divided by 42.
39
Let u(t) = t**3 - 4*t**2 + 5*t - 14. Let m be u(4). Suppose 248 = -2*w + m*w. Let p = 76 - w. What is the remainder when p is divided by 5?
4
What is the remainder when (1 - 9)*117216/(-576) is divided by 27?
8
Suppose -5*u - 4*f + 738 = -664, 0 = 4*f - 12. What is the remainder when u is divided by 63/45*170/357 - (-455)/15?
30
Let a(i) be the third derivative of i**5/20 + 7*i**4/24 + 2*i**3/3 + 2*i**2. Let f = -694907 + 694999. Calculate the remainder when f is divided by a(-4).
20
Let w be (-2)/11 + 798/154. Suppose 2*d = t + 66, -w*d - t - 4*t + 135 = 0. What is the remainder when 247 is divided by d?
30
Let x = -614 - -625. Suppose -9*c + 0*q + 1085 = q, -3*c = -2*q - 350. What is the remainder when c is divided by x?
10
Let d = -158 + 159. Let m(g) = 22*g**3 - g**2 + 6*g - 7. What is the remainder when 33 is divided by m(d)?
13
Suppose 2*d + 2*m = 4106, 0 = 2*d - 2*m - 5389 + 1283. What is the remainder when d is divided by 77?
51
Let f(m) = 61 - 30 - 44 - 15*m. Calculate the remainder when f(-2) is divided by 4.
1
Suppose 8*z - 40 = -24. Suppose -4*c - z*s + 25 = -s, -2*s + 1 = c. Calculate the remainder when 26 is divided by c.
5
Let f(t) = t**2 + 21*t + 137. Suppose 9*v = 5*g + 8*v - 49, -g + 3*v + 21 = 0. Calculate the remainder when f(-6) is divided by g.
2
Suppose m - 114 = -m. Let q = m - 6. Let d = q - 13. Calculate the remainder when d is divided by 14.
10
What is the remainder when 875 is divided by (9 - 75)*(-9 + -4)?
17
Let d(o) = 363*o + 4182. Calculate the remainder when d(-9) is divided by 448.
19
What is the remainder when 487 is divided by (7 - -63)/14*5?
12
What is the remainder when 359 is divided by (-112344)/(-868) - 5/(105/(-12))?
99
Let w = -3 - -8. Suppose 0 = 5*i - 2*t - 107, -t = 1 - w. Let y(x) = -150*x + 18195. Calculate the remainder when y(121) is divided by i.
22
Suppose -5551*b - 102415 + 237771 - 44481 = -269940. Let f(j) = j**3 - 2*j - 3. Let z be f(-3). Let k = 10 - z. Calculate the remainder when b is divided by k.
31
Suppose 0 = 10*j - 208 + 56 - 48. What is the remainder when 3538 is divided by j?
18
Let o(z) = -2*z**2 - 368*z - 8344. Let b = -61 + 112. What is the remainder when o(-27) is divided by b?
32
What is the remainder when 5 - 164/32 - (79268/(-32) + -2) is divided by 69?
64
Let s(i) = -i**2 - 12*i - 12. Let p be s(-10). What is the remainder when p/(-12) - (-242)/3 is divided by 27?
26
Let g be 2/3*(6 + -36)/(-5). Suppose -154 = -5*q + z, 6*q = 5*q + g*z + 27. Suppose 2*l + 2*l - 68 = 0. What is the remainder when q is divided by l?
14
Suppose -6*y + 12*b + 728 = 16*b, b = -5*y + 588. Calculate the remainder when 4531 is divided by y.
7
Let f(n) = -39*n + 524. What is the remainder when 1147 is divided by f(13)?
8
Let n(r) = -29*r - 1141. Let p(f) = 4*f**3 + 3*f - 2. Calculate the remainder when p(2) is divided by n(-40).
17
Let j be 29705/845 - 2*(-2)/(-26). Suppose 513 = -j*n + 38*n. What is the remainder when n is divided by 40?
11
Let p = 81 - -359. Suppose -678 = -26*f + p. What is the remainder when f is divided by 9?
7
Suppose -2*x - 32 + 96 = 0. Suppose -2*i - 4*y + 12 = -x, 3*y - 63 = -4*i. Calculate the remainder when 58 is divided by i.
10
Suppose 0 = -x + 2*u + 112, 11*x + 254 = 13*x + u. Calculate the remainder when 3092 is divided by x.
116
Suppose x = -3*u + 1140 - 364, 0 = 5*u - 20. Suppose 0 = 5*y - 2874 + x. Calculate the remainder when y/5 - (-12)/(-30) is divided by 17.
16
Let u(d) = 19*d**2 + 4*d + 39. Let n be u(-6). Let h = n - 547. What is the remainder when h is divided by 22?
20
Suppose 0 = 9*d + 139 - 778. Suppose 2*r = 7*r - 40. Calculate the remainder when d is divided by r.
7
Let g be (-3 - 17)*(-13)/(-2). Let f = g + 146. Calculate the remainder when 31 is divided by f.
15
Suppose -12 = -4*l + 28. Suppose -w - 6 = -l. Suppose 2*a = w*i + 28, -i = a + 3*i + 4. Calculate the remainder when 23 is divided by a.
7
Let k(q) = 2*q - 23. Let j be k(-5). Let m be j*2/2 - (33 + -36). Let a = m + 55. What is the remainder when a is divided by 14?
11
Let j be 3/(6/(-4) - -3). What is the remainder when (765/(-18))/(-1)*(-4)/(-10) is divided by ((-6)/j + 5)*2?
1
Let p be (-158)/(-8) - (28/16 + -1). Suppose -p*f = -27*f + 184. Calculate the remainder when 133 is divided by f.
18
Let z be 1/(35/(-610)) - (-16)/(-28). Calculate the remainder when 120 is divided by (-154)/(-33)*z/(-4).
15
Let g(p) = -p**2 - 9*p - 16. Let f be g(-13). Let b = 85 + f. Calculate the remainder when b is divided by 11.
6
Let z(u) = u**3 - 2*u**2 - 2*u - 3. Let b be z(3). Suppose 3*f = 4*d + 33, b*d = -f + 5*d. Calculate the remainder when (2 - 12)/((-4)/2) + 24 is divided by f.
14
Let l = 932 + -327. Suppose -k - 120 = 2*j, 10*k - 5*k = -5*j - l. Calculate the remainder when 19 is divided by 14/63 + k/(-18).
5
Let a(u) = -u**3 + 17*u**2 - 24*u + 147. What is the remainder when 186 is divided by a(16)?
15
Suppose 4*s + 4*n - 944 = 0, 298*n - 294*n = 2*s - 442. Calculate the remainder when 272 is divided by s.
41
Let s(b) = -19*b - 216. Let n be s(-9). Let x = 294 + n. Calculate the remainder when x is divided by 43.
34
Calculate the remainder when 109 is divided by (-32 + (-2183)/(-74))/((-5)/212).
3
Suppose 535 + 757 = -4927*l + 4961*l. Suppose 3*s = -2*z + 209, 122 + 191 = 3*z + 5*s. What is the remainder when z is divided by l?
30
Let h = -717 - -709. Let o(y) = y**3 + 6*y**2 + 2*y + 2. Let w be o(-6). Let u = h - w. What is the remainder when 11 is divided by u?
1
Let m(o) = -193*o - 345. Let g be m(-7). Let l = g - 888. Calculate the remainder when l is divided by 10.
8
Let w(m) = -4*m**3 - 4*m**2 + m + 3. What is the remainder when 236 is divided by w(-2)?
15
Suppose 0 = -17*t + 40*t - 23276. Suppose -t = -30*g - 16*g. What is the remainder when g is divided by 19?
3
Suppose -2*c - 846 = 3*n + 3*c, -2*n - 564 = c. Let q be (n/3)/(4/(-2)). Let p = 114 - q. Calculate the remainder when p is divided by 35.
32
Suppose 0 = -101*y + 106*y - 4*o - 3419, -703 = -y - 4*o. Suppose 4*s - 64 = -3*q, 0 = -2*s - 3*q + 6 + 26. What is the remainder when y is divided by s?
15
Suppose -130 = -5*p - 5*r, 3*p = -2716*r + 2714*r + 79. Calculate the remainder when 339 is divided by p.
15
Suppose -616 = -317*q + 295*q. Calculate the remainder when 1201 is divided by q.
25
Let b be 11*1/((-4 + 1)/(-3)). Suppose 0 = -9*o + b*o + 154. What is the remainder when 4 is divided by (-2)/3 + o/(-21)?
1
Let u = -42618 - -42763. Suppose 70 = 2*h + 4*y, 0 = 3*h - y + 6*y - 106. What is the remainder when u is divided by h?
34
Let h(a) = -8*a**2 + 92*a - 200. Calculate the remainder when 1921 is divided by h(7).
49
Let f(a) be the third derivative of 5*a**4/12 - 47*a**3/6 + 74*a**2. What is the remainder when f(22) is divided by 60?
53
Suppose 275 + 405 = 8*j. Suppose 11*u - j = 6*u. Suppose 4*a - 52 = -4*p, 5*p - p + 47 = 5*a. Calculate the remainder when u is divided by a.
6
Suppose 26491 + 26629 = -841*m + 861*m. What is the remainder when m is divided by 63?
10
Suppose -1272 = -21*j + 51. Suppose 4*s = -z - 14, 2*s + 0*s + 2 = -3*z. Suppose -j = -z*v - 7. What is the remainder when 83 is divided by v?
27
What is the remainder when -1*(-1)/(-2) + 2759/178 is divided by 5?
0
Let f = 8042 - 7728. Calculate the remainder when 2187 is divided by f.
303
Suppose 6*y + 5